 2. Let j be d(-4). List the prime factors of ((-91)/j + 2)*(2 - 0).
5, 19
Let d = 169 - -48. List the prime factors of d.
7, 31
Suppose u + 355 = 4*o, -2*u + 3*u = -4*o + 365. Suppose o - 262 = 4*c. Let p = c - -80. What are the prime factors of p?
37
Let r(u) = 106*u**2 + 5*u - 2. Suppose 17 = -3*b + 20. What are the prime factors of r(b)?
109
Let f(u) = u**3 - 12*u**2 + 13*u - 6. Let r = -23 - -34. List the prime factors of f(r).
2
Let c(k) = -k**3 + 4*k**2 - 2*k - 1. Let v = 13 - 10. Let d be c(v). Suppose 3*x - 3*o - 31 = 44, -2*x - d*o = -42. List the prime factors of x.
23
Let f = 18 + 0. Suppose 0 = 3*o - 2*v - v - f, -o - 3 = 2*v. Suppose b = -4*w + 39, w + 5*b = o*w - 25. List the prime factors of w.
2, 5
Let q be 14/7 + (2 - 1). Let m(o) = q - 5*o + o + 5. What are the prime factors of m(-7)?
2, 3
Suppose 0 = 47*m - 49*m + 46. Suppose -4*h + 113 + m = 0. List the prime factors of h.
2, 17
List the prime factors of (25/(-10))/(10/(-3928)).
2, 491
List the prime factors of (-789 + -18)*(-3)/9.
269
Let h(w) = w + 5. Let a be h(-1). Suppose -u + 5*z = -52, 0 = -a*z - 6 - 10. What are the prime factors of u?
2
Suppose -5*p - 97 = -4147. List the prime factors of p.
2, 3, 5
Let t(q) = -12*q + 53. List the prime factors of t(-36).
5, 97
Suppose 16*n + 6*n = 7018. What are the prime factors of n?
11, 29
Suppose -4*i = -3*y + 352, 3*i = -5*y + 6*y - 259. Let u = 93 + i. What are the prime factors of u?
2
Suppose 0 = -6*d + d + 25. Suppose -2*l - d + 17 = 0. Let m = 28 - l. What are the prime factors of m?
2, 11
Suppose -5*f - 110 = -10*f. Let n = 52 - f. What are the prime factors of n?
2, 3, 5
Let x = -4583 - -7107. What are the prime factors of x?
2, 631
Let h(t) = -41*t - 250. List the prime factors of h(-32).
2, 3, 59
Let t be -3 - -3 - (5 + -7). Suppose -3*s = t*m - 14 - 201, m - 4*s - 113 = 0. List the prime factors of m.
109
Let u = -77 - 14. Let t = u - -233. What are the prime factors of t?
2, 71
What are the prime factors of 11/(-55) + 23*(-1648)/(-20)?
5, 379
Let r = 3 + 3. Suppose 2 = -4*o - 2*v, -o + r*v + 2 = 4*v. List the prime factors of (-1 - -28)*(o + 1).
3
What are the prime factors of 0/2 + (804 - 32)?
2, 193
Let a(f) = -f + 1. Let b(y) = y**3 - 2*y**2 + 10*y - 4. Let i(v) = 4*a(v) + b(v). What are the prime factors of i(4)?
2, 7
Let o(c) = 232*c + 112. What are the prime factors of o(7)?
2, 7, 31
Suppose -8*o - 650 = -4746. What are the prime factors of o?
2
Let w = 1362 + -1156. List the prime factors of w.
2, 103
Let z = -199 + 281. Let g = z - 45. List the prime factors of g.
37
Let t = -137 + 97. Let p be ((-9)/((-36)/t))/(-2). What are the prime factors of p/(((-8)/12)/(-2))?
3, 5
Suppose 3*f - 20 - 25 = 0. Suppose f*m = 21*m - 1716. What are the prime factors of m?
2, 11, 13
What are the prime factors of 24/(-156) + (-8796)/(-52)?
13
Suppose 4*r + 3*w = 1452, 2*r - 941 = 3*w - 233. List the prime factors of r.
2, 3, 5
Let r(g) = -2*g**3 - 78*g**2 - 2*g - 21. List the prime factors of r(-39).
3, 19
Let w = -9 + 159. Suppose 10*u + w = 13*u. What are the prime factors of u?
2, 5
Let f(n) = 2*n**2 + 17*n + 12. Let l be f(-8). Suppose 4*p + 73 = -3*g + l*g, g = 2*p + 65. List the prime factors of g.
3, 19
What are the prime factors of 7590/(-1035)*79/(-2)*3?
11, 79
Let i(j) = 38*j + 269. What are the prime factors of i(23)?
3, 127
Let u(k) = -4*k**3 + k**2 + 11*k + 103. What are the prime factors of u(-6)?
937
Let g be (-1 - 0)*(-2)/(-2). Let p = g + -1. List the prime factors of 13/p*8/(-4).
13
Let c(t) = -1. Let r(b) = 17*b - 8. Let y(l) = 4*c(l) - r(l). Let s be y(4). Let o = -41 - s. What are the prime factors of o?
23
Let o = 9 + -6. Suppose o*d - 16 = 5. Suppose 68 = -3*p + d*p. List the prime factors of p.
17
Suppose -101 + 819 = 2*v. What are the prime factors of v?
359
Let h = 335 + -88. List the prime factors of h.
13, 19
Let w be 6/(-12)*6 + (5 - -1). Suppose -4*z = -w*d + 330, 5*z - 3*z - 348 = -3*d. What are the prime factors of d?
2, 3, 19
Suppose -4*h = 5*w - 20468, -3*h - 3*w + 15382 = -7*w. What are the prime factors of h?
2, 13, 197
Let y = 1179 + -826. Let o = -178 + y. What are the prime factors of o?
5, 7
Let z(q) = q**3 + 19*q**2 - 26. What are the prime factors of z(-15)?
2, 19, 23
Let x(w) be the second derivative of -w**5/20 - w**4/3 - w**3/2 - 5*w**2/2 + 4*w. What are the prime factors of x(-6)?
5, 17
Let u(f) = -f + 8. Suppose 5*x - 60 + 15 = 0. Let q be u(x). What are the prime factors of (-498)/(-24) - q/4?
3, 7
Let r = -11 + 13. List the prime factors of r/(-9) + (-517)/(-99).
5
Let f(l) = l**3 + l**2 - l - 1. Let m(y) = -3*y**3 + 11*y**2 - 5*y + 32. Let t(g) = -2*f(g) - m(g). List the prime factors of t(13).
61
Let y be -2 + (-2 + 4)*490. Let r = -288 + y. List the prime factors of -5*(r/25)/(-3).
2, 23
Suppose -514*f + 513*f + 244 = 0. List the prime factors of f.
2, 61
Let i(u) = u**3 - 6*u**2 + 8*u - 10. Let r be i(5). Suppose r*l - 43 - 207 = 0. What are the prime factors of l?
2, 5
Let t(o) = o**3 - 3*o + 13. Let u be t(7). Suppose 502 + u = 9*g. What are the prime factors of g?
3, 31
Let m = 963 - 406. What are the prime factors of m?
557
List the prime factors of 703/5 + (-18)/(-120)*-4.
2, 5, 7
Let i(d) = d**3 - 8*d**2 + 7*d + 3. Let m be i(7). Suppose -360 = b - m*b - p, -b + 4*p + 180 = 0. Suppose 0 = -4*g + b - 40. List the prime factors of g.
5, 7
Let n(p) = -231*p - 513. List the prime factors of n(-12).
3, 251
Let x = -197 - -1196. What are the prime factors of x?
3, 37
List the prime factors of (-246)/(-8)*(-3224)/(-93).
2, 13, 41
Suppose -2*t - 4*j + 18 = 0, -3*j - j = 3*t - 21. Suppose 5*v = t*v. Suppose v = h - 4 - 1. List the prime factors of h.
5
Let x(a) = -a**3 + a**2 + 5*a + 1077. What are the prime factors of x(0)?
3, 359
Suppose -4*l = -2*l + 102. What are the prime factors of 2 + -3 - (l + 2)?
2, 3
Suppose -3*y - 3 = 4*l, 5*y + 9 + 4 = -4*l. List the prime factors of l + 1 + 1 + 130.
3, 5
Suppose 4*i + 0 - 4 = 0, i = 3*h - 116. Let x = h + -6. List the prime factors of x.
3, 11
Suppose -r + 4 = 2. Suppose 2*a = -r*g + 7*a - 9, -g + 18 = 5*a. Suppose -134 = -5*b - v, 3*b + 2*b = -g*v + 142. List the prime factors of b.
2, 13
Let p = 1305 - 590. List the prime factors of p.
5, 11, 13
Let l = -184 + 650. List the prime factors of l.
2, 233
What are the prime factors of (7*3/21)/(3/93)?
31
Let v = 46 - 25. Let s be 13 - 12 - (v + -2). Let b(i) = -4*i - 45. What are the prime factors of b(s)?
3
Suppose 0 = -5*l - c + 6767, 0 = -5*l - 4*c + 4286 + 2487. What are the prime factors of l?
3, 11, 41
Let g(c) = -c**3 - 7*c**2 - 6*c + 1. Let o be g(-6). Let s be 0/(-9) + (3 - o). Suppose 0 = t - s - 2. What are the prime factors of t?
2
Let t(p) = -1652*p + 28. List the prime factors of t(-2).
2, 7, 17
Let j(v) = -32*v**2 - 7*v. Let i be j(4). What are the prime factors of (-4)/26 - i/130?
2
Suppose 32*q = 30*q + 296. List the prime factors of q.
2, 37
Suppose -190 = -4*o + 46. Let z = o - -25. List the prime factors of z.
2, 3, 7
Let g = 619 + -323. List the prime factors of g.
2, 37
Let f = -252 + 1677. What are the prime factors of f?
3, 5, 19
Let p be 1/((6/129)/(-2)). Let c be (79/4)/((-7)/(-28)). Let l = c + p. What are the prime factors of l?
2, 3
Let w be ((-7)/(-3))/((-8)/(-24)). Let m(l) = -l + 2. Let k be m(2). Suppose k = j - 41 + w. What are the prime factors of j?
2, 17
Let b = 2276 + -1167. List the prime factors of b.
1109
What are the prime factors of 3*(-28)/(-63) - 7048/(-6)?
2, 3, 7
Suppose d - 4*t = 11, 2*d + 0*t = -t - 14. Let x(w) = w - 4. Let v be x(d). What are the prime factors of (-1)/(-3) + (-141)/v?
2
Let y = -7409 + 10862. List the prime factors of y.
3, 1151
Suppose 0 = 12*o - 3804 - 5448. List the prime factors of o.
3, 257
Let o = -662 + 714. List the prime factors of o.
2, 13
Let l(c) = -11*c - 5. Let w be l(-2). Suppose -2*g + w = -g. Let k = 52 - g. What are the prime factors of k?
5, 7
Let i(r) = -12*r - 4*r - 2*r - 2 - 3. Let l be i(-4). List the prime factors of 12/20 + l/5.
2, 7
List the prime factors of (-1614)/4*(-12 + 10).
3, 269
Suppose 13*b - 16*b + 27 = 0. Suppose -b*x + 195 = -192. What are the prime factors of x?
43
Let h be (-2)/(1/5 + 0). Let o(q) be the third derivative of q**6/120 + q**5/6 + 2*q**3 - 6*q**2. List the p